ase 15?
2
What is 26 (base 12) in base 16?
1e
What is -25 (base 7) in base 5?
-34
What is -1010 (base 2) in base 4?
-22
80 (base 9) to base 6
200
What is 3 (base 10) in base 8?
3
69 (base 13) to base 15
5c
Convert 3 (base 5) to base 3.
10
-3 (base 8) to base 16
-3
Convert 4 (base 10) to base 3.
11
-456 (base 7) to base 12
-179
Convert 2 (base 9) to base 12.
2
Convert -2 (base 6) to base 3.
-2
What is 10202 (base 3) in base 13?
7a
What is 1001 (base 2) in base 13?
9
What is -10 (base 16) in base 5?
-31
-100110 (base 2) to base 9
-42
What is -32 (base 7) in base 14?
-19
13 (base 7) to base 14
a
What is -102 (base 5) in base 15?
-1c
-1 (base 16) to base 14
-1
What is 34 (base 6) in base 14?
18
What is d (base 14) in base 8?
15
Convert 11 (base 9) to base 13.
a
What is -3 (base 15) in base 13?
-3
What is 111 (base 9) in base 6?
231
What is 2e (base 16) in base 6?
114
What is 2 (base 12) in base 11?
2
-1b (base 12) to base 8
-27
Convert 7 (base 9) to base 5.
12
-1101 (base 2) to base 6
-21
What is 1 (base 14) in base 2?
1
What is -13 (base 4) in base 16?
-7
Convert -3 (base 12) to base 8.
-3
7d (base 14) to base 13
87
-323 (base 4) to base 8
-73
25 (base 14) to base 2
100001
Convert 4 (base 16) to base 7.
4
Convert -1 (base 9) to base 15.
-1
What is -2331 (base 4) in base 5?
-1224
Convert 222 (base 3) to base 12.
22
What is -2 (base 13) in base 15?
-2
Convert 16 (base 11) to base 5.
32
-1c (base 16) to base 7
-40
What is 1 (base 10) in base 9?
1
-4 (base 12) to base 10
-4
Convert 1 (base 16) to base 9.
1
-6 (base 13) to base 12
-6
-14 (base 14) to base 2
-10010
Convert 104 (base 7) to base 13.
41
What is 1 (base 14) in base 8?
1
-2 (base 5) to base 12
-2
What is 82 (base 14) in base 6?
310
What is 3 (base 8) in base 14?
3
What is -2 (base 12) in base 5?
-2
Convert -1000 (base 2) to base 8.
-10
-22 (base 11) to base 15
-19
What is 2 (base 15) in base 12?
2
Convert 177 (base 9) to base 6.
411
55 (base 9) to base 5
200
What is 1202 (base 4) in base 16?
62
What is -12 (base 3) in base 4?
-11
2 (base 15) to base 16
2
-1 (base 4) to base 16
-1
Convert -1303 (base 4) to base 5.
-430
-1e (base 15) to base 2
-11101
Convert -11112 (base 3) to base 8.
-172
-1 (base 11) to base 16
-1
What is 401 (base 6) in base 14?
a5
37 (base 8) to base 9
34
Convert 110 (base 3) to base 5.
22
What is 40 (base 10) in base 8?
50
Convert 170 (base 11) to base 16.
c6
20 (base 5) to base 8
12
What is 522 (base 8) in base 14?
1a2
What is 16 (base 14) in base 12?
18
What is 10 (base 6) in base 11?
6
4 (base 16) to base 5
4
What is -100 (base 3) in base 8?
-11
-11 (base 3) to base 14
-4
4 (base 7) to base 11
4
Convert 1000011 (base 2) to base 7.
124
What is -222 (base 4) in base 8?
-52
What is 1201 (base 3) in base 8?
56
What is -11 (base 6) in base 9?
-7
1c (base 15) to base 4
123
What is 220 (base 6) in base 13?
66
28 (base 16) to base 13
31
Convert 9 (base 13) to base 2.
1001
Convert -241 (base 5) to base 8.
-107
-10 (base 6) to base 14
-6
1 (base 2) to base 7
1
-10 (base 12) to base 6
-20
-201 (base 3) to base 8
-23
-8 (base 16) to base 11
-8
-b (base 14) to base 3
-102
What is 0 (base 7) in base 3?
0
Convert -5 (base 16) to base 13.
-5
What is -11101 (base 2) in base 16?
-1d
-1 (base 7) to base 5
-1
Convert -2 (base 3) to base 2.
-10
Convert -4 (base 12) to base 2.
-100
What is 2 (base 8) in base 5?
2
What is -1 (base 16) in base 2?
-1
Convert 12211 (base 3) to base 13.
c1
What is 345 (base 6) in base 16?
89
11 (base 10) to base 5
21
What is -253 (base 8) in base 13?
-102
What is 257 (base 8) in base 16?
af
What is 123 (base 7) in base 13?
51
-50 (base 14) to base 3
-2121
Convert -2 (base 11) to base 3.
-2
2 (base 12) to base 7
2
-4 (base 12) to base 5
-4
2 (base 5) to base 11
2
1 (base 6) to base 5
1
What is 1 (base 6) in base 14?
1
-20221 (base 3) to base 10
-187
What is 14 (base 7) in base 15?
b
Convert 70 (base 9) to base 7.
120
Convert 10010001 (base 2) to base 11.
122
138 (base 15) to base 12
1b2
10 (base 3) to base 6
3
12 (base 3) to base 8
5
Convert -121 (base 3) to base 10.
-16
Convert 10 (base 8) to base 11.
8
Convert -152 (base 6) to base 14.
-4c
1 (base 15) to base 13
1
What is 3 (base 11) in base 10?
3
10 (base 5) to base 15
5
121 (base 12) to base 2
10101001
Convert 1a (base 13) to base 14.
19
10 (base 4) to base 2
100
Convert 2 (base 13) to base 10.
2
Convert 2 (base 6) to base 10.
2
-2 (base 16) to base 11
-2
Convert -4 (base 10) to base 12.
-4
What is -2 (base 13) in base 5?
-2
Convert 7 (base 11) to base 10.
7
Convert -32 (base 7) to base 4.
-113
Convert -2 (base 15) to base 9.
-2
Convert 131 (base 6) to base 15.
3a
22120 (base 3) to base 11
1a0
Convert -1 (base 7) to base 11.
-1
What is 14 (base 6) in base 14?
a
-2 (base 7) to base 9
-2
What is -3 (base 10) in base 14?
-3
1a9 (base 11) to base 7
462
Convert 4 (base 6) to base 8.
4
Convert 3 (base 5) to base 3.
10
Convert 4 (base 16) to base 9.
4
What is 111 (base 3) in base 4?
31
12 (base 4) to base 6
10
What is 0 (base 10) in base 15?
0
-22022 (base 3) to base 4
-3200
Convert -1001 (base 2) to base 7.
-12
Convert -6 (base 7) to base 3.
-20
Convert b (base 16) to base 14.
b
Convert 0 (base 13) to base 14.
0
-66 (base 8) to base 11
-4a
Convert -5 (base 10) to base 14.
-5
Convert 5 (base 6) to base 2.
101
What is -3 (base 8) in base 14?
-3
What is -3 (base 6) in base 9?
-3
What is -14 (base 13) in base 3?
-122
-1 (base 3) to base 10
-1
What is -4b (base 13) in base 10?
-63
Convert 1 (base 5) to base 7.
1
2212 (base 3) to base 8
115
Convert -10 (base 10) to base 7.
-13
11 (base 16) to base 13
14
What is 3 (base 6) in base 5?
3
-41 (base 14) to base 15
-3c
Convert -344 (base 9) to base 8.
-433
What is 42 (base 7) in base 10?
30
Convert -5 (base 6) to base 4.
-11
Convert -21 (base 10) to base 16.
-15
11 (base 2) to base 4
3
Convert -74 (base 14) to base 7.
-204
143 (base 5) to base 8
60
Convert -105 (base 10) to base 4.
-1221
What is 1 (base 2) in base 14?
1
What is -31 (base 4) in base 8?
-15
What is 140 (base 5) in base 14?
33
Convert 11 (base 6) to base 4.
13
-1 (base 10) to base 13
-1
What is 7 (base 10) in base 9?
7
What is -79 (base 12) in base 6?
-233
10 (base 16) to base 10
16
Convert -35 (base 6) to base 2.
-10111
What is 312 (base 5) in base 10?
82
0 (base 3) to base 7
0
What is 4 (base 8) in base 3?
11
-13 (base 8) to base 12
-b
What is 0 (base 10) in base 2?
0
-21 (base 3) to base 7
-10
What is 1 (base 2) in base 15?
1
Convert -35 (base 7) to base 11.
-24
-7 (base 8) to base 6
-11
36 (base 10) to base 7
51
115 (base 12) to base 11
137
Convert b (base 16) to base 5.
21
-64 (base 9) to base 8
-72
Convert -c (base 13) to base 7.
-15
Convert 10 (base 14) to base 8.
16
What is -2 (base 5) in base 2?
-10
Convert -10001 (base 2) to base 12.
-15
Convert -a (base 13) to base 11.
-a
What is 141 (base 16) in base 10?
321
-1 (base 13) to base 11
-1
-29 (base 15) to base 12
-33
-307 (base 9) to base 2
-11111010
1020 (base 3) to base 8
41
What is -40 (base 14) in base 16?
-38
What is -20 (base 6) in base 12?
-10
What is -7 (base 8) in base 5?
-12
-2 (base 13) to base 7
-2
What is -18 (base 13) in base 15?
-16
What is -270 (base 10) in base 12?
-1a6
20 (base 6) to base 12
10
24 (base 7) to base 16
12
-64 (base 7) to base 2
-101110
-69 (base 12) to base 13
-63
-142 (base 8) to base 14
-70
What is -16 (base 11) in base 12?
-15
What is -2 (base 9) in base 11?
-2
8 (base 15) to base 8
10
What is 1 (base 3) in base 15?
1
3 (base 6) to base 7
3
What is -20 (base 9) in base 14?
-14
-71 (base 14) to base 11
-90
What is -12 (base 6) in base 5?
-13
What is 11212 (base 3) in base 11?
10a
What is 3 (base 8) in base 9?
3
What is 10 (base 8) in base 10?
8
Convert 10 (base 4) to base 11.
4
Convert -81 (base 11) to base 6.
-225
What is 42 (base 6) in base 16?
1a
133 (base 5) to base 6
111
Convert -1011 (base 5) to base 8.
-203
What is 10 (base 5) in base 15?
5
15 (base 9) to base 8
16
Convert -3 (base 9) to base 4.
-3
What is -101 (base 3) in base 6?
-14
Convert 2 (base 4) to base 3.
2
4 (base 13) to base 6
4
Convert 13 (base 8) to base 10.
11
Convert 4b (base 14) to base 2.
1000011
Convert -3 (base 13) to base 5.
-3
Convert 210 (base 3) to base 4.
111
Convert -11 (base 2) to base 14.
-3
What is 7 (base 14) in base 12?
7
0 (bas